
What are the prime factors of 1050332?
2, 262583
List the prime factors of 106055.
5, 21211
What are the prime factors of 18338934?
2, 3, 3056489
What are the prime factors of 375846?
2, 3, 37, 1693
List the prime factors of 308900.
2, 5, 3089
What are the prime factors of 16183096?
2, 1117, 1811
What are the prime factors of 13668616?
2, 13, 167, 787
What are the prime factors of 152588?
2, 37, 1031
What are the prime factors of 167899?
167899
List the prime factors of 3207790.
2, 5, 97, 3307
List the prime factors of 282177.
3, 7, 1493
What are the prime factors of 4054692?
2, 3, 337891
List the prime factors of 255223.
31, 8233
What are the prime factors of 723514?
2, 11, 32887
List the prime factors of 152170.
2, 5, 15217
List the prime factors of 37962619.
37962619
What are the prime factors of 5709260?
2, 5, 285463
List the prime factors of 296095.
5, 59219
List the prime factors of 26255768.
2, 7, 11, 6089
List the prime factors of 417693.
3, 37, 53, 71
List the prime factors of 30812.
2, 7703
What are the prime factors of 1972547?
59, 67, 499
List the prime factors of 699301.
569, 1229
List the prime factors of 7745580.
2, 3, 5, 37, 1163
What are the prime factors of 524218?
2, 262109
What are the prime factors of 19447?
19447
What are the prime factors of 24638175?
3, 5, 23
List the prime factors of 731691.
3, 81299
List the prime factors of 16099553.
29, 173, 3209
List the prime factors of 1525085.
5, 305017
List the prime factors of 37353.
3, 12451
List the prime factors of 391434.
2, 3, 65239
What are the prime factors of 142551?
3, 47, 337
List the prime factors of 6850552.
2, 443, 1933
What are the prime factors of 11879060?
2, 5, 59, 10067
List the prime factors of 36130016.
2, 13, 86851
What are the prime factors of 1407805?
5, 7, 19, 29, 73
List the prime factors of 15813042.
2, 3, 7, 376501
What are the prime factors of 27097?
7, 79
What are the prime factors of 6751257?
3, 2250419
What are the prime factors of 5062032?
2, 3, 35153
What are the prime factors of 383727?
3, 37, 3457
List the prime factors of 27623803.
101, 273503
List the prime factors of 184366.
2, 7, 13, 1013
List the prime factors of 10579089.
3, 47, 75029
What are the prime factors of 258876?
2, 3, 17, 47
What are the prime factors of 201836?
2, 50459
List the prime factors of 12786396.
2, 3, 7, 152219
List the prime factors of 2176740.
2, 3, 5, 29, 139
What are the prime factors of 10399605?
3, 5, 223, 3109
What are the prime factors of 174191?
373, 467
What are the prime factors of 476559?
3, 52951
List the prime factors of 364367.
41, 8887
List the prime factors of 125433.
3, 7, 11, 181
List the prime factors of 16340365.
5, 113, 28921
List the prime factors of 39089347.
11, 107, 33211
List the prime factors of 527190.
2, 3, 5, 17573
What are the prime factors of 759620?
2, 5, 19, 1999
What are the prime factors of 1150374?
2, 3, 19, 10091
What are the prime factors of 624489?
3, 43, 47, 103
List the prime factors of 6036.
2, 3, 503
List the prime factors of 253671.
3, 11, 7687
What are the prime factors of 3797227?
7, 542461
What are the prime factors of 25416993?
3, 7, 31, 39043
What are the prime factors of 1175790?
2, 3, 5, 7, 11, 509
List the prime factors of 506349.
3, 127, 443
List the prime factors of 1455353.
17, 59, 1451
List the prime factors of 23115382.
2, 151, 76541
What are the prime factors of 3597432?
2, 3, 149893
List the prime factors of 162762.
2, 3, 27127
List the prime factors of 25669395.
3, 5, 31, 18401
List the prime factors of 462790.
2, 5, 46279
List the prime factors of 22358558.
2, 47, 237857
What are the prime factors of 78211?
7, 11173
List the prime factors of 240183.
3, 26687
What are the prime factors of 1755728?
2, 13, 23, 367
What are the prime factors of 1140005?
5, 41, 67, 83
List the prime factors of 228265.
5, 71, 643
What are the prime factors of 12676822?
2, 6338411
List the prime factors of 596258.
2, 13, 17, 19, 71
List the prime factors of 1638374.
2, 819187
What are the prime factors of 6282377?
6282377
What are the prime factors of 17581323?
3, 5860441
List the prime factors of 906304.
2, 7, 17
List the prime factors of 143844.
2, 3, 11987
List the prime factors of 1053068.
2, 263267
List the prime factors of 128529.
3, 14281
List the prime factors of 93736.
2, 11717
List the prime factors of 10120837.
71, 142547
List the prime factors of 30709.
7, 41, 107
List the prime factors of 186127.
373, 499
What are the prime factors of 1558405?
5, 311681
What are the prime factors of 260689?
11, 13, 1823
What are the prime factors of 1082060?
2, 5, 7, 59, 131
What are the prime factors of 108824?
2, 61, 223
What are the prime factors of 5006062?
2, 53, 83, 569
List the prime factors of 1154767.
661, 1747
What are the prime factors of 8845723?
8845723
What are the prime factors of 1096335?
3, 5, 2707
What are the prime factors of 15040638?
2, 3, 835591
What are the prime factors of 541864?
2, 67733
What are the prime factors of 282661?
282661
What are the prime factors of 1144749?
3, 163, 2341
What are the prime factors of 362846?
2, 11, 16493
What are the prime factors of 31331273?
149, 210277
What are the prime factors of 108847?
89, 1223
List the prime factors of 14119509.
3, 4706503
List the prime factors of 1093775.
5, 67, 653
What are the prime factors of 438264?
2, 3, 2029
List the prime factors of 29671162.
2, 14835581
What are the prime factors of 264083?
264083
List the prime factors of 222016.
2, 3469
List the prime factors of 2323402.
2, 163, 7127
What are the prime factors of 80672?
2, 2521
List the prime factors of 9638720.
2, 5, 7, 13, 331
List the prime factors of 1680351.
3, 560117
What are the prime factors of 1022549?
11, 92959
What are the prime factors of 251940?
2, 3, 5, 13, 17, 19
List the prime factors of 330693.
3, 11, 911
What are the prime factors of 2894535?
3, 5, 7, 1021
List the prime factors of 222886.
2, 111443
What are the prime factors of 19211158?
2, 769, 12491
What are the prime factors of 92073?
3, 47, 653
List the prime factors of 1192532.
2, 11, 27103
What are the prime factors of 4481742?
2, 3, 746957
List the prime factors of 1490140.
2, 5, 74507
What are the prime factors of 240205?
5, 7, 6863
What are the prime factors of 120576?
2, 3, 157
What are the prime factors of 1112050?
2, 5, 23, 967
List the prime factors of 35494.
2, 17747
What are the prime factors of 43496?
2, 5437
What are the prime factors of 271417?
67, 4051
List the prime factors of 466668.
2, 3, 29, 149
List the prime factors of 7871586.
2, 3, 19, 29, 2381
What are the prime factors of 533360?
2, 5, 59, 113
What are the prime factors of 23216287?
23216287
List the prime factors of 2831257.
11, 13, 1523
List the prime factors of 314529.
3, 59, 1777
List the prime factors of 654421.
654421
What are the prime factors of 26446464?
2, 3, 11, 2087
List the prime factors of 590746.
2, 13, 22721
List the prime factors of 2127972.
2, 3, 7, 11, 47
What are the prime factors of 2572156?
2, 643039
List the prime factors of 284714.
2, 142357
What are the prime factors of 62326?
2, 11, 2833
List the prime factors of 142145.
5, 28429
List the prime factors of 13842005.
5, 2768401
What are the prime factors of 256357?
269, 953
What are the prime factors of 1593772?
2, 31, 12853
List the prime factors of 89564.
2, 22391
What are the prime factors of 397249?
41, 9689
What are the prime factors of 672902?
2, 157, 2143
List the prime factors of 30120878.
2, 15060439
What are the prime factors of 4807871?
139, 34589
List the prime factors of 1939595.
5, 7, 151, 367
List the prime factors of 25520694.
2, 3, 4253449
List the prime factors of 4750559.
11, 431869
List the prime factors of 1877944.
2, 234743
List the prime factors of 10267353.
3, 19, 97, 619
List the prime factors of 1809452.
2, 452363
List the prime factors of 1142431.
1142431
What are the prime factors of 6836259?
3, 2278753
What are the prime factors of 255029?
181, 1409
What are the prime factors of 11022136?
2, 877, 1571
List the prime factors of 311284.
2, 59, 1319
What are the prime factors of 265954?
2, 13, 53, 193
What are the prime factors of 157839?
3, 11, 4783
List the prime factors of 155882.
2, 41, 1901
What are the prime factors of 1739516?
2, 43